-6 - -8. Suppose l*i - 100 = -3*i. Is i*-1*(-1611)/36 composite?
True
Let m be (-15)/3*3/(-5). Is 537 - ((m - 2) + -3)*2 a prime number?
True
Let d be ((-4)/(-10))/((-8)/(-40)). Suppose 2*p = -0*l - 4*l + 3020, d*l - 1498 = -4*p. Let h = -90 + l. Is h a prime number?
False
Let s = 5278 - 1089. Is s a prime number?
False
Suppose 12 = -3*d - d. Let x = d - -9. Suppose -x*p - 2*y + 8015 = -p, 3*p - 4809 = -5*y. Is p composite?
True
Let f(j) be the first derivative of j**4/12 + j**3/6 - j**2 + 5. Let y(n) be the second derivative of f(n). Is y(10) a composite number?
True
Let v(o) = 3*o**2 + o + 4. Let n be v(-2). Let i = n - -23. Is i a composite number?
False
Suppose -p = p - 854. Let u be -3 + 0 - 5*(-1)/1. Suppose u*x = -3*a + p, -3*x = 1 + 2. Is a composite?
True
Let j be ((-6)/1)/(9/(-6)). Let x(g) = g**2 - 4*g + 4. Let m be x(j). Suppose m*s - 113 = -37. Is s composite?
False
Let z be (-4)/(-6) - 98/(-6). Let j = -12 + z. Suppose -j*l = -l - 1028. Is l composite?
False
Suppose 5*d - 1117 - 178 = 0. Let u = 202 + 877. Suppose u = 4*c + d. Is c a composite number?
True
Let h(o) = -280*o - 3. Let p(x) = 93*x + 1. Let i(z) = -4*h(z) - 11*p(z). Let k be i(4). Let a = k - 16. Is a a composite number?
False
Is (101/(-4))/(3/(-1 + -347)) prime?
False
Let v = -260 + 151. Let q = 82 - v. Is q composite?
False
Let p = -118 + 120. Is (-38)/3*((-5)/p - -1) prime?
True
Let n be 264/27 + (-4)/(-18). Suppose 3*r = n*r - 1337. Is r a prime number?
True
Let v = -293 + 472. Suppose -2*o = -i - v, 4*i + 93 = -o + 2*o. Is o prime?
True
Suppose 0 = -2*m - 3*m + 775. Suppose -h + m = -108. Is h composite?
False
Suppose -z + 89 = -b, z - 2*z = -5*b - 89. Is z a composite number?
False
Let w = 659 + 858. Is w composite?
True
Let t = -924 - -6737. Is t prime?
True
Let o be (-81 - -8)*(1 + 0/3). Let p = 196 + o. Is p composite?
True
Suppose 989849 = 45*o + 4*o. Is o composite?
False
Suppose -2*j + 48 = 20. Let c = 23 + j. Is c prime?
True
Let h be (-7 - -1)/(2 - 4) + -1970. Let w = h - -3250. Is w a prime number?
True
Let p(l) = 71*l**2 + 31*l + 69. Is p(-13) a composite number?
True
Let f = 26393 - 4380. Is f composite?
False
Is -8*(13365/(-20) + -5) a composite number?
True
Let n be (0 - 0 - -2)*(8 + -3). Let p(a) = 13 + 11*a - 3*a + 2*a. Is p(n) a composite number?
False
Let p = 75998 - 14395. Is p prime?
True
Let a(m) = 52*m**3 + m**2 + 34*m - 95. Is a(6) a prime number?
False
Let q(t) = 25*t**2 - 12*t + 3. Let x be q(-9). Suppose x + 92 = 4*i + y, -4*i + 2228 = -2*y. Is i composite?
False
Let j(n) = 18*n**2 - n - 3. Let k be j(-2). Let z(f) = -19 + 82*f + k*f - 25*f. Is z(6) prime?
False
Let g be -2 + 7/(7/4). Suppose 58 = g*d - 8. Is d composite?
True
Let o = 137 - 1396. Let y = -828 - o. Is y a prime number?
True
Let b(q) = -11623*q + 167. Is b(-2) a prime number?
False
Let r(k) = k**2 + 4*k - 12. Let d be r(-6). Is (8/16)/(2/(2956 - d)) composite?
False
Let g be ((-6)/(-5))/(1 + (-504)/510). Suppose -7*m - g + 767 = 0. Is m prime?
False
Let r(a) = -243*a + 4. Let p be 119/(-51) + 2/(-3). Is r(p) composite?
False
Let u = -1413 + 2356. Suppose u = -2*q - 5*i + 7228, 3147 = q - 2*i. Is 1/(-4) + q/20 composite?
False
Is -30427*6*(-3)/18 a prime number?
True
Let f = -131 - -593. Suppose 6 = 63*m - 61*m. Suppose -m*g + f = -657. Is g composite?
False
Suppose -3*a = -8*a - 5. Let m(c) = -629*c**3 + c**2 - 3*c - 2. Is m(a) a prime number?
True
Let y = -20267 - -30234. Is y composite?
False
Suppose 0 = 2*k + d + 1687, k - 4*k = d + 2528. Let x = 1321 + k. Is 2 + 3 + x - -2 composite?
False
Let s be (-18976908)/(-156) - (-4)/26. Is 2/(-13) + s/39 prime?
True
Let i = -82 - -66. Is 2338/((-10)/4*i/20) composite?
True
Suppose -422 + 1847 = 2*j + y, 735 = j + 5*y. Suppose 3*r = 5*l + 288 + 140, 5*l + j = 5*r. Is r a composite number?
True
Let u(b) = -2*b**3 - 6*b**2 - 4*b + 11. Suppose -13*w + 5*w = 64. Is u(w) a prime number?
True
Suppose -13*x = -9*x - 13436. Is x a composite number?
False
Let k = 20066 + -5973. Is k a prime number?
False
Suppose -5*t + 6 = -14. Suppose -v - 1027 = -2*i - 4*v, t*v + 1062 = 2*i. Is i composite?
False
Let w(j) be the third derivative of -115*j**4/12 + j**3/6 + 10*j**2. Is w(-4) a composite number?
True
Let s(v) = -3*v**3 - 7*v**2 + v - 4. Suppose -8 = 5*y + 7. Let o be 70/(-21)*y/(-2). Is s(o) composite?
False
Let q be 145036/16 + (-3)/4. Suppose 3*a + 5*a - q = 0. Is a prime?
False
Suppose 5*k = -2*k. Suppose 8*n - 4*n - 524 = k. Is n a composite number?
False
Suppose -5*g - d + 112868 = -19396, 0 = 2*g + 4*d - 52902. Is g a composite number?
True
Suppose 4*s = -k + 7285, -2*k = -3*s + 2*k + 5459. Suppose 3*c = -i + 322, 0 = 4*i + c - s + 478. Is i prime?
True
Let a = -21 + 27. Suppose -354 = -2*s - a*p + 2*p, s + 5*p = 165. Is s prime?
False
Suppose x - 34 = -2*x - 5*s, -2*s = 2*x - 16. Suppose 3*l = 21 + x. Suppose l*o - 4*o = 596. Is o a prime number?
True
Suppose -3*v = 3*f - 10098, 5*f = 9*f - 2*v - 13458. Is f composite?
True
Let f be ((-282)/(-8))/((-60)/(-4960)). Suppose 2*a = -2*c + f, 5*c - 9 = a - 1490. Is a prime?
False
Let o = 670 + 8917. Is o a prime number?
True
Let g = -112 + -114. Let c(p) = 1565*p - 2. Let n be c(1). Let j = g + n. Is j composite?
True
Is 16976/14 - (-60)/140 a composite number?
False
Let w(s) = s - 1. Let b be w(4). Suppose 2*x = -y + 3455, -y + 1954 = -b*x + 7129. Suppose -15*d = -13*d - x. Is d composite?
False
Let a be ((-15)/20)/((-1)/(-28)). Let d = a - -12. Let z(g) = -g**2 - 12*g - 6. Is z(d) prime?
False
Suppose -17*s = -24*s + 63. Suppose -s*u + 18381 = 2*u. Is u a prime number?
False
Suppose -3*h + 113847 = 3*y, 3*h - 15*y + 10*y = 113863. Is h composite?
False
Let k be (-7 + 11)*2/4. Let c be 3 - (-4 - (-2)/k). Let p(b) = 10*b + 5. Is p(c) prime?
False
Suppose -233 = -11*b + 9. Suppose 20*q = b*q - 838. Is q a composite number?
False
Suppose 3*l - l = 6. Suppose 9*r - 1715 = -122. Suppose -2*n + r = l. Is n a prime number?
False
Let p(s) = 80*s**3 - 2*s**2 + 10*s**2 - 7*s**2 + s. Let u be p(-1). Is 0 + 2 + -5 - u prime?
False
Let x be (-2)/6 + ((-24964)/(-12) - -4). Suppose -15*z = -11*z - x. Is z a prime number?
True
Let w(u) = -u**3 + 2*u**2 + 4*u - 1. Let r be w(3). Suppose b - 3*z - 388 = 0, -r*b - 136 = 2*z - 928. Let m = b + -195. Is m a composite number?
False
Let p be 9460/3 + 1 - 20/(-30). Suppose -14*h = -9*h - p. Is h prime?
True
Let z be 2/(-12) - 0 - (-86)/12. Suppose -z*r + 770 = -119. Is r a prime number?
True
Suppose 0 = 134*x - 130*x - 4660. Is x a composite number?
True
Let y(w) = 4*w**2 + 13*w + 24. Let j be y(-6). Suppose 31 + j = p. Is p prime?
False
Suppose -5*w + 103 = 2*s, -s - 2 + 1 = 0. Is 2 - (-1 + 3 - w) a composite number?
True
Suppose 5*q - 2*w = -144 + 404, 0 = -5*q - 3*w + 285. Let g be (-4)/(-6) - (-313)/3. Let k = g - q. Is k composite?
True
Suppose -357 = x + 2*z, -3*z + 4*z = -x - 354. Let y = x + 902. Suppose -5*s - 2*m + 3175 = 0, -2*s + 4*m + y = -719. Is s composite?
True
Let z be 26/6*(6 + -24). Let p = -156 - z. Is ((-7)/(-2))/((-3)/p) composite?
True
Suppose 0*z + 330 = 6*z. Is z a prime number?
False
Is (-576879)/(-12) + (2/(-1))/8 prime?
True
Let r = -4 + 4. Suppose 4*s - 3733 + 545 = r. Is s prime?
True
Let v(o) = -o**2 + 2*o - 4. Let c be v(6). Let q be (-108)/(-21) + 4/c. Suppose -q*s - 30 = -125. Is s a composite number?
False
Let i = -3326 - -7617. Is i a composite number?
True
Let a = -13549 + 19050. Is a a composite number?
False
Let l(y) = 4*y - 18. Let t be l(6). Let r(q) = 9*q**2 - 4*q - 5. Let c(k) = 28*k**2 - 12*k - 15. Let d(i) = 6*c(i) - 17*r(i). Is d(t) a prime number?
False
Let p(x) = -x**2 + 3*x**2 - 12*x + 242 - 285. Is p(11) prime?
True
Let d(a) be the first derivative of 19*a**3/3 + 2*a**2 - 8*a - 10. Is d(5) composite?
False
Let n(v) = 3*v + 125. Is n(20) a composite number?
True
Is (1 - -2)/((-15)/(-19945)) a prime number?
True
Suppose -i - 38 = -4*y, 5*y - i - 29 = 18. Let u(t) = 10*t - 6*t**2 - 2 - 4*t**2 + 9*t**2. Is u(y) a composite number?
False
Suppose 29 = 3*q - 4*w, -5*q + 3*w + 25 = w. Suppose q*y - 180 = 102. Is y a composite number?
True
Let b(k) = -k**2 + 4*k + 5. Let w be b(5). Suppose -c + 226 + 13 = w. Is c a composite number?
False
Let k = -13 - -162. Is k a prime number?
True
Let x be 30/6 + 1 + -1. Suppo